2646 and 864.
54
Calculate the highest common divisor of 14770 and 70.
70
Calculate the greatest common divisor of 132 and 12.
12
Calculate the highest common factor of 40 and 27320.
40
Calculate the greatest common factor of 189 and 18279.
27
Calculate the highest common divisor of 18712 and 8.
8
Calculate the greatest common divisor of 3770 and 130.
130
What is the greatest common divisor of 32 and 256?
32
Calculate the highest common divisor of 1537 and 53.
53
Calculate the greatest common divisor of 82 and 410.
82
What is the greatest common divisor of 1649 and 17?
17
What is the highest common divisor of 6 and 428?
2
What is the greatest common divisor of 33 and 3234?
33
Calculate the greatest common divisor of 6817 and 34.
17
Calculate the greatest common factor of 150 and 525.
75
What is the greatest common divisor of 410 and 82?
82
What is the greatest common factor of 32 and 1?
1
Calculate the highest common factor of 16 and 1000.
8
Calculate the greatest common factor of 748 and 68.
68
Calculate the highest common divisor of 46 and 1265.
23
Calculate the greatest common factor of 40 and 56920.
40
Calculate the highest common factor of 1545 and 30.
15
Calculate the greatest common factor of 90 and 36.
18
Calculate the greatest common divisor of 21 and 231.
21
Calculate the highest common divisor of 14 and 609.
7
What is the highest common divisor of 448 and 336?
112
What is the highest common divisor of 464 and 64?
16
Calculate the highest common factor of 45 and 32985.
45
Calculate the greatest common divisor of 2 and 64.
2
Calculate the highest common divisor of 8047 and 104.
13
Calculate the highest common factor of 3151 and 23.
23
What is the highest common factor of 4524 and 78?
78
What is the highest common divisor of 29 and 5597?
29
Calculate the greatest common factor of 230 and 46.
46
Calculate the greatest common divisor of 5628 and 168.
84
What is the highest common divisor of 1819 and 107?
107
Calculate the greatest common factor of 8023 and 142.
71
What is the greatest common divisor of 511 and 7?
7
What is the greatest common factor of 408 and 120?
24
Calculate the greatest common factor of 26 and 117.
13
Calculate the highest common factor of 164 and 41.
41
Calculate the highest common divisor of 1729 and 2717.
247
Calculate the greatest common divisor of 1365 and 945.
105
What is the greatest common factor of 299 and 161?
23
Calculate the greatest common divisor of 40 and 1690.
10
What is the greatest common divisor of 133 and 209?
19
Calculate the highest common factor of 1891 and 31.
31
What is the greatest common factor of 4681 and 151?
151
What is the greatest common divisor of 2862 and 53?
53
What is the highest common factor of 153 and 17?
17
What is the highest common factor of 12472 and 8?
8
Calculate the highest common divisor of 7 and 63.
7
Calculate the highest common divisor of 18333 and 21.
21
Calculate the highest common divisor of 1180 and 4.
4
What is the highest common divisor of 422 and 6963?
211
Calculate the greatest common factor of 462 and 4242.
42
What is the greatest common divisor of 224 and 64?
32
Calculate the greatest common divisor of 30 and 174.
6
What is the greatest common divisor of 108 and 27?
27
Calculate the greatest common divisor of 48 and 376.
8
Calculate the highest common factor of 4280 and 25.
5
What is the highest common divisor of 1211 and 7?
7
What is the highest common divisor of 5 and 2083?
1
What is the highest common divisor of 357 and 84?
21
Calculate the greatest common divisor of 4960 and 434.
62
Calculate the greatest common divisor of 134 and 126.
2
Calculate the highest common divisor of 4040 and 40.
40
Calculate the highest common divisor of 4806 and 1026.
54
Calculate the highest common divisor of 5650 and 20.
10
What is the greatest common divisor of 1100 and 44?
44
What is the highest common factor of 928 and 319?
29
What is the highest common factor of 90 and 150?
30
What is the highest common divisor of 213 and 355?
71
Calculate the highest common factor of 16 and 40.
8
Calculate the greatest common divisor of 93 and 264.
3
Calculate the highest common factor of 69 and 213.
3
What is the highest common divisor of 312 and 240?
24
What is the greatest common factor of 2 and 64?
2
Calculate the greatest common divisor of 3472 and 32.
16
What is the highest common divisor of 393 and 6550?
131
Calculate the greatest common divisor of 785 and 2041.
157
Calculate the greatest common divisor of 42 and 1113.
21
What is the highest common factor of 60 and 96?
12
What is the highest common divisor of 67 and 20971?
67
Calculate the highest common divisor of 132 and 1284.
12
Calculate the highest common divisor of 23 and 23.
23
What is the greatest common divisor of 90 and 126?
18
Calculate the greatest common factor of 50 and 12.
2
What is the greatest common factor of 24 and 24?
24
What is the highest common factor of 564 and 84?
12
Calculate the highest common factor of 38 and 51946.
38
Calculate the greatest common factor of 168 and 2002.
14
Calculate the highest common divisor of 63 and 35.
7
What is the highest common divisor of 768 and 144?
48
What is the greatest common divisor of 105 and 15?
15
What is the greatest common factor of 1739 and 1504?
47
Calculate the highest common divisor of 300 and 225.
75
What is the greatest common divisor of 9632 and 84?
28
What is the greatest common factor of 12 and 5568?
12
What is the highest common divisor of 26 and 221?
13
Calculate the highest common divisor of 36 and 477.
9
What is the greatest common factor of 164 and 6929?
41
Calculate the highest common factor of 102 and 4.
2
Calculate the highest common factor of 1655 and 25.
5
Calculate the highest common factor of 520 and 195.
65
Calculate the highest common divisor of 3 and 291.
3
Calculate the greatest common factor of 7545 and 15.
15
Calculate the greatest common factor of 246 and 2050.
82
Calculate the highest common factor of 3141 and 108.
9
Calculate the highest common factor of 42 and 294.
42
What is the greatest common divisor of 66 and 704?
22
What is the highest common factor of 95 and 304?
19
What is the highest common divisor of 200 and 2300?
100
What is the greatest common divisor of 9280 and 145?
145
Calculate the highest common divisor of 138 and 345.
69
Calculate the highest common factor of 895 and 5.
5
Calculate the highest common divisor of 1166 and 902.
22
Calculate the greatest common divisor of 103 and 27913.
103
Calculate the highest common divisor of 16317 and 222.
111
What is the greatest common factor of 39 and 663?
39
Calculate the greatest common divisor of 104 and 5733.
13
Calculate the highest common divisor of 100 and 1575.
25
What is the highest common divisor of 31 and 16?
1
What is the greatest common factor of 65 and 260?
65
What is the highest common factor of 380 and 608?
76
Calculate the greatest common divisor of 1656 and 230.
46
What is the highest common factor of 279 and 9?
9
Calculate the greatest common divisor of 126 and 420.
42
What is the greatest common factor of 968 and 24442?
242
What is the highest common divisor of 315 and 90?
45
What is the greatest common divisor of 325 and 2340?
65
Calculate the highest common factor of 75 and 175.
25
What is the greatest common divisor of 60 and 120?
60
What is the highest common factor of 23 and 17986?
23
What is the greatest common divisor of 95 and 323?
19
Calculate the greatest common factor of 56 and 196.
28
What is the greatest common factor of 469 and 14?
7
Calculate the highest common divisor of 26 and 2496.
26
Calculate the highest common divisor of 327 and 3.
3
Calculate the greatest common divisor of 39 and 104.
13
What is the highest common factor of 102 and 30?
6
What is the highest common divisor of 56 and 70?
14
What is the greatest common factor of 846 and 18?
18
Calculate the greatest common factor of 19003 and 93.
31
Calculate the highest common divisor of 129 and 473.
43
Calculate the greatest common divisor of 2184 and 7800.
312
Calculate the highest common divisor of 38 and 133.
19
Calculate the greatest common divisor of 12 and 54.
6
What is the greatest common factor of 9 and 3231?
9
Calculate the highest common divisor of 20 and 22460.
20
Calculate